r of 2304 and 216.
72
Calculate the highest common factor of 21484 and 1148.
164
What is the highest common factor of 25 and 3025?
25
Calculate the greatest common factor of 285 and 380.
95
Calculate the greatest common divisor of 120 and 50.
10
Calculate the greatest common divisor of 367 and 117440.
367
What is the greatest common factor of 40 and 25060?
20
What is the highest common divisor of 3 and 21?
3
What is the greatest common factor of 3756 and 48?
12
Calculate the highest common factor of 19 and 5909.
19
Calculate the highest common factor of 2139 and 31.
31
Calculate the greatest common divisor of 28 and 32.
4
Calculate the greatest common factor of 240 and 80.
80
What is the greatest common factor of 30 and 6990?
30
Calculate the highest common factor of 3522 and 12.
6
Calculate the greatest common divisor of 2640 and 6480.
240
Calculate the highest common divisor of 4665 and 30.
15
What is the greatest common divisor of 336 and 105?
21
What is the highest common factor of 216 and 93096?
216
Calculate the greatest common factor of 9 and 1017.
9
Calculate the highest common factor of 144 and 612.
36
Calculate the greatest common factor of 8 and 30.
2
What is the greatest common factor of 4266 and 2686?
158
What is the greatest common factor of 29 and 261?
29
What is the highest common factor of 19 and 8075?
19
What is the highest common factor of 34 and 102?
34
What is the highest common divisor of 1428 and 84?
84
Calculate the highest common divisor of 12 and 7.
1
Calculate the highest common factor of 1225 and 49.
49
Calculate the greatest common divisor of 206 and 7107.
103
What is the highest common factor of 189 and 6696?
27
What is the highest common factor of 160 and 40?
40
Calculate the greatest common divisor of 36 and 96.
12
Calculate the highest common factor of 780 and 3666.
78
Calculate the greatest common factor of 458 and 6.
2
What is the highest common factor of 32 and 544?
32
Calculate the highest common divisor of 11144 and 112.
56
Calculate the greatest common factor of 192 and 720.
48
What is the greatest common factor of 748 and 7667?
187
Calculate the greatest common factor of 43 and 1376.
43
What is the highest common divisor of 325 and 25?
25
Calculate the highest common factor of 411 and 48.
3
Calculate the greatest common factor of 182 and 28.
14
What is the highest common factor of 8 and 8728?
8
Calculate the highest common factor of 186 and 11842.
62
What is the highest common factor of 340 and 30?
10
Calculate the highest common factor of 222 and 276.
6
Calculate the greatest common factor of 278 and 2.
2
What is the highest common divisor of 9231 and 51?
51
What is the greatest common factor of 195 and 4797?
39
Calculate the highest common factor of 5 and 11.
1
Calculate the greatest common factor of 5302 and 66.
22
Calculate the greatest common divisor of 112 and 7420.
28
What is the greatest common factor of 1748 and 228?
76
What is the highest common divisor of 351 and 513?
27
What is the greatest common factor of 33 and 44?
11
Calculate the highest common divisor of 25 and 250.
25
Calculate the highest common factor of 20 and 156.
4
What is the greatest common factor of 1675 and 1273?
67
Calculate the highest common divisor of 217 and 21.
7
Calculate the highest common factor of 62 and 20894.
62
What is the highest common factor of 44 and 1661?
11
Calculate the highest common factor of 238 and 136.
34
What is the highest common divisor of 39169 and 13?
13
What is the greatest common factor of 90 and 3285?
45
What is the greatest common factor of 451 and 123?
41
Calculate the highest common factor of 5022 and 1296.
162
Calculate the highest common factor of 4017 and 103.
103
Calculate the highest common factor of 448 and 7.
7
What is the highest common factor of 4 and 50?
2
What is the highest common divisor of 193 and 23353?
193
Calculate the greatest common factor of 372 and 48.
12
What is the highest common divisor of 143 and 182?
13
What is the greatest common divisor of 122 and 1769?
61
Calculate the highest common factor of 11361 and 105.
21
What is the highest common divisor of 240 and 640?
80
Calculate the greatest common factor of 156 and 11622.
78
Calculate the greatest common factor of 5866 and 56.
14
What is the greatest common divisor of 135 and 1323?
27
Calculate the highest common factor of 75 and 125.
25
What is the greatest common divisor of 70320 and 48?
48
What is the highest common factor of 75 and 69?
3
What is the greatest common factor of 516 and 2322?
258
What is the greatest common divisor of 1952 and 122?
122
Calculate the greatest common divisor of 10 and 515.
5
Calculate the greatest common factor of 444 and 48.
12
What is the greatest common factor of 78 and 286?
26
Calculate the greatest common divisor of 2450 and 5.
5
Calculate the highest common divisor of 132 and 44.
44
What is the greatest common divisor of 363 and 187?
11
Calculate the highest common divisor of 159 and 265.
53
Calculate the greatest common factor of 90 and 510.
30
What is the greatest common divisor of 376 and 6157?
47
Calculate the highest common factor of 106 and 1484.
106
Calculate the highest common divisor of 6132 and 420.
84
What is the highest common factor of 165 and 429?
33
What is the highest common divisor of 126 and 7098?
42
What is the highest common factor of 1034 and 154?
22
Calculate the greatest common factor of 7 and 987.
7
What is the highest common divisor of 2 and 601?
1
What is the highest common divisor of 26 and 6266?
26
Calculate the highest common divisor of 483 and 42.
21
Calculate the greatest common factor of 11 and 1782.
11
Calculate the greatest common divisor of 3369 and 6.
3
Calculate the highest common factor of 32 and 44.
4
What is the highest common factor of 1276 and 220?
44
Calculate the highest common divisor of 15 and 11085.
15
Calculate the greatest common divisor of 819 and 26.
13
Calculate the greatest common divisor of 259 and 217.
7
What is the greatest common divisor of 56 and 56?
56
What is the greatest common divisor of 1677 and 2?
1
What is the greatest common divisor of 189 and 6069?
21
What is the greatest common divisor of 6987 and 51?
51
What is the greatest common divisor of 31044 and 6?
6
What is the highest common divisor of 28 and 1498?
14
Calculate the highest common divisor of 424 and 1431.
53
What is the greatest common factor of 34903 and 209?
209
Calculate the highest common divisor of 132 and 88.
44
What is the highest common factor of 336 and 276?
12
What is the highest common factor of 784 and 245?
49
What is the highest common divisor of 61 and 1891?
61
Calculate the greatest common factor of 2464 and 72.
8
What is the highest common divisor of 984 and 24?
24
Calculate the greatest common factor of 369 and 18.
9
Calculate the greatest common factor of 94 and 658.
94
Calculate the highest common divisor of 8 and 776.
8
Calculate the highest common divisor of 8773 and 1132.
283
What is the highest common divisor of 148 and 44?
4
What is the highest common divisor of 12 and 52?
4
Calculate the highest common divisor of 2232 and 288.
72
Calculate the highest common factor of 2840 and 40.
40
What is the highest common divisor of 4654 and 26?
26
What is the greatest common divisor of 2 and 538?
2
Calculate the greatest common factor of 54 and 4158.
54
Calculate the greatest common divisor of 6880 and 2795.
215
What is the greatest common factor of 819 and 126?
63
Calculate the highest common factor of 855 and 1035.
45
What is the greatest common divisor of 52 and 39?
13
What is the greatest common factor of 114 and 3078?
114
Calculate the highest common factor of 1060 and 424.
212
Calculate the greatest common factor of 1166 and 3922.
106
Calculate the greatest common factor of 26 and 1391.
13
Calculate the highest common divisor of 243 and 279.
9
What is the greatest common divisor of 9211 and 61?
61
Calculate the highest common divisor of 75 and 9300.
75
Calculate the highest common divisor of 13 and 25.
1
Calculate the greatest common divisor of 36 and 10314.
18
What is the greatest common divisor of 1537 and 58?
29
What is the greatest common divisor of 1323 and 27?
27
What is the greatest common factor of 46 and 2323?
23
Calculat